{"id":62,"date":"2018-12-14T21:15:10","date_gmt":"2018-12-14T21:15:10","guid":{"rendered":"https:\/\/www.virgendelacabezacolomera.org\/?page_id=62"},"modified":"2018-12-14T21:38:21","modified_gmt":"2018-12-14T21:38:21","slug":"privacidad-de-datos-y-politica-de-cookies","status":"publish","type":"page","link":"https:\/\/www.virgendelacabezacolomera.org\/?page_id=62","title":{"rendered":"Privacidad de datos"},"content":{"rendered":"\n<p>POL\u00cdTICA DE PROTECCI\u00d3N DE DATOS DE CAR\u00c1CTER PERSONAL:<\/p>\n\n\n\n<p>1.1 A los efectos de lo dispuesto en la Ley Org\u00e1nica 15\/1999, de 13 de Diciembre, de Protecci\u00f3n de Datos de Car\u00e1cter Personal,\u00a0REAL COFRADIA\u00a0 VIRGEN DE\u00a0LA CABEZA DE\u00a0COLOMERA\u00a0informa al Usuario de la existencia de un fichero de datos de car\u00e1cter personal creado con los datos obtenidos en nuestra p\u00e1gina web y bajo su responsabilidad, con las finalidades de informaci\u00f3n y prestaci\u00f3n de los servicios ofrecidos en la web, as\u00ed como la realizaci\u00f3n de actividades promocionales y publicitarias mediante cualquier medio, incluyendo el env\u00edo de correos electr\u00f3nicos y de mensajes a trav\u00e9s de cualquier sistema incluyendo SMS, UTMS, etc., que puedan ser de su inter\u00e9s para ampliar y mejorar nuestros servicios, adecuando nuestras ofertas a sus preferencias o necesidades, a partir del estudio y segmentaci\u00f3n de la informaci\u00f3n personal y comercial que conste en nuestros ficheros como consecuencia de su acceso a la web, as\u00ed como para permitir una navegaci\u00f3n personalizada.<\/p>\n\n\n\n<p>1.2. El Usuario acepta expresamente la inclusi\u00f3n de los datos recabados durante la navegaci\u00f3n por la web, o proporcionados mediante la cumplimentaci\u00f3n de cualquier formulario, as\u00ed como los derivados de la relaci\u00f3n comercial, en el fichero automatizado de datos de car\u00e1cter personal referido en el apartado primero. Durante el proceso de recogida de datos, y en cada lugar de la web en el que se soliciten dichos datos, el Usuario ser\u00e1 informado, ya sea mediante un v\u00ednculo, ya sea mediante la inclusi\u00f3n de las menciones oportunas en el propio formulario, del car\u00e1cter obligatorio o no de recogida de tales datos para la prestaci\u00f3n de nuestros servicios.<\/p>\n\n\n\n<p>1.3 El Usuario podr\u00e1 ejercitar, respecto de los datos recabados en la forma prevista en el apartado anterior, los derechos reconocidos en la Ley Org\u00e1nica 15\/1999, de 13 de diciembre, de Protecci\u00f3n de Datos de Car\u00e1cter Personal y toda la Normativa de Desarrollo m\u00e1s la Ley de Servicios de la Sociedad de la Informaci\u00f3n y de Comercio Electr\u00f3nico (LSSI-CE),y en particular los derechos de acceso, rectificaci\u00f3n o cancelaci\u00f3n de datos y oposici\u00f3n, siempre que resultase pertinente, as\u00ed como el de revocaci\u00f3n del consentimiento para la cesi\u00f3n de sus datos o para cualquiera de los usos antes se\u00f1alados. Los derechos referidos en el p\u00e1rrafo precedente, podr\u00e1n ejercitarse por cada Usuario a trav\u00e9s de un Formulario de solicitud de cancelaci\u00f3n. Haga clic aqu\u00ed para descargar el Formulario. La solicitud escrita y firmada podr\u00e1 enviarla por correo postal a la siguiente direcci\u00f3n, REAL COFRADIA  VIRGEN DE LA CABEZA DE COLOMERA, Calle Oro, 1 \u2013 18564 \u2013 Colomera\u00a0 \u2013 Granada, adjuntando fotocopia del DNI del Usuario.<\/p>\n\n\n\n<p>1.4. REAL COFRADIA  VIRGEN DE LA CABEZA DE COLOMERA informa que para el acceso por parte del usuario a alguna parte de los Contenidos o servicios ofertados en la web, puede ser necesaria la previa cumplimentaci\u00f3n de formularios de alta, o similar, en los que se le solicite al usuario la introducci\u00f3n de datos de car\u00e1cter personal.<\/p>\n\n\n\n<p>1.5. REAL COFRADIA  VIRGEN DE LA CABEZA DE COLOMERA se compromete en la utilizaci\u00f3n de los datos incluidos en el fichero anteriormente referido, a respetar su confidencialidad y a utilizarlos de acuerdo con la finalidad del fichero, as\u00ed como a dar cumplimiento a su obligaci\u00f3n de guardarlos y adaptar todas las medidas para evitar la alteraci\u00f3n, p\u00e9rdida, tratamiento o acceso no autorizado, de acuerdo con lo establecimiento en el Reglamento de Medidas de Seguridad de los ficheros automatizados que contengan datos de car\u00e1cter personal, aprobando por el Real Decreto 994\/1999, de 11 de julio.<\/p>\n","protected":false},"excerpt":{"rendered":"<p>POL\u00cdTICA DE PROTECCI\u00d3N DE DATOS DE CAR\u00c1CTER PERSONAL: 1.1 A los efectos de lo dispuesto en la Ley Org\u00e1nica 15\/1999, de 13 de Diciembre, de Protecci\u00f3n de Datos de Car\u00e1cter Personal,\u00a0REAL COFRADIA\u00a0 VIRGEN DE\u00a0LA CABEZA DE\u00a0COLOMERA\u00a0informa al Usuario de la existencia de un fichero de datos de car\u00e1cter personal creado con los datos obtenidos en&hellip;&nbsp;<a href=\"https:\/\/www.virgendelacabezacolomera.org\/?page_id=62\" rel=\"bookmark\">Leer m\u00e1s &raquo;<span class=\"screen-reader-text\">Privacidad de datos<\/span><\/a><\/p>\n","protected":false},"author":1,"featured_media":0,"parent":0,"menu_order":0,"comment_status":"closed","ping_status":"closed","template":"","meta":{"neve_meta_sidebar":"","neve_meta_container":"","neve_meta_enable_content_width":"","neve_meta_content_width":0,"neve_meta_title_alignment":"","neve_meta_author_avatar":"","neve_post_elements_order":"","neve_meta_disable_header":"","neve_meta_disable_footer":"","neve_meta_disable_title":"","jetpack_post_was_ever_published":false,"footnotes":""},"class_list":["post-62","page","type-page","status-publish","hentry"],"jetpack_sharing_enabled":true,"jetpack_shortlink":"https:\/\/wp.me\/PaxVsa-10","jetpack-related-posts":[{"id":65,"url":"https:\/\/www.virgendelacabezacolomera.org\/?page_id=65","url_meta":{"origin":62,"position":0},"title":"Pol\u00edtica de Cookies","author":"admin","date":"14\/12\/2018","format":false,"excerpt":"Utilizamos cookies propias y de terceros para mejorar nuestros servicios. Si contin\u00faa navegando consideramos que acepta su uso. Para obtener m\u00e1s informaci\u00f3n sobre que son las cookies vea nuestra Pol\u00edtica de Cookies.. POLITICA DE COOKIES Este sitio web utiliza las siguientes cookies: cookies para facilitar la navegaci\u00f3n de los usuarios\u2026","rel":"","context":"Entrada similar","block_context":{"text":"Entrada similar","link":""},"img":{"alt_text":"","src":"","width":0,"height":0},"classes":[]},{"id":85,"url":"https:\/\/www.virgendelacabezacolomera.org\/?page_id=85","url_meta":{"origin":62,"position":1},"title":"ESTATUTOS","author":"admin","date":"17\/12\/2018","format":false,"excerpt":"ESTATUTOS DE LA REAL COFRADIA NTRA. SRA. DE LA CABEZA DE COLOMERA (GRANADA) INTRODUCCION La Real Cofrad\u00eda de la Sant\u00edsima Virgen de la Cabeza de Colomera, se fund\u00f3 en fecha incierta a\u00fan no documentada, aunque se podr\u00eda hacer referencia al siglo XVI o incluso anterior, fecha en la que se\u2026","rel":"","context":"Entrada similar","block_context":{"text":"Entrada similar","link":""},"img":{"alt_text":"","src":"https:\/\/i0.wp.com\/www.virgendelacabezacolomera.org\/wp-content\/uploads\/2024\/11\/logo-cofradia.jpg?resize=350%2C200&ssl=1","width":350,"height":200,"srcset":"https:\/\/i0.wp.com\/www.virgendelacabezacolomera.org\/wp-content\/uploads\/2024\/11\/logo-cofradia.jpg?resize=350%2C200&ssl=1 1x, https:\/\/i0.wp.com\/www.virgendelacabezacolomera.org\/wp-content\/uploads\/2024\/11\/logo-cofradia.jpg?resize=525%2C300&ssl=1 1.5x, https:\/\/i0.wp.com\/www.virgendelacabezacolomera.org\/wp-content\/uploads\/2024\/11\/logo-cofradia.jpg?resize=700%2C400&ssl=1 2x, https:\/\/i0.wp.com\/www.virgendelacabezacolomera.org\/wp-content\/uploads\/2024\/11\/logo-cofradia.jpg?resize=1050%2C600&ssl=1 3x"},"classes":[]},{"id":613,"url":"https:\/\/www.virgendelacabezacolomera.org\/?page_id=613","url_meta":{"origin":62,"position":2},"title":"Otros","author":"admin","date":"02\/04\/2025","format":false,"excerpt":"Privacidad de datos Pol\u00edtica de cookies","rel":"","context":"Entrada similar","block_context":{"text":"Entrada similar","link":""},"img":{"alt_text":"","src":"","width":0,"height":0},"classes":[]},{"id":639,"url":"https:\/\/www.virgendelacabezacolomera.org\/?page_id=639","url_meta":{"origin":62,"position":3},"title":"Historia","author":"admin","date":"02\/04\/2025","format":false,"excerpt":"Seg\u00fan la antigua, venerable y respetada tradici\u00f3n con escaso fundamento hist\u00f3rico que nos transmite D. Manuel de Salcedo Olid en su Paneg\u00edrico Historial de N.S. de la Cabeza de Sierra Morena, publicado en el a\u00f1o de 1677, entre los Christianos que apacentaban ovejas en aquellos montes, av\u00eda un pastor natural\u2026","rel":"","context":"Entrada similar","block_context":{"text":"Entrada similar","link":""},"img":{"alt_text":"","src":"https:\/\/i0.wp.com\/www.virgendelacabezacolomera.org\/wp-content\/uploads\/2025\/04\/romeria-cuadro.jpg?resize=350%2C200&ssl=1","width":350,"height":200,"srcset":"https:\/\/i0.wp.com\/www.virgendelacabezacolomera.org\/wp-content\/uploads\/2025\/04\/romeria-cuadro.jpg?resize=350%2C200&ssl=1 1x, https:\/\/i0.wp.com\/www.virgendelacabezacolomera.org\/wp-content\/uploads\/2025\/04\/romeria-cuadro.jpg?resize=525%2C300&ssl=1 1.5x"},"classes":[]},{"id":533,"url":"https:\/\/www.virgendelacabezacolomera.org\/?page_id=533","url_meta":{"origin":62,"position":4},"title":"ENSERES","author":"admin","date":"24\/11\/2024","format":false,"excerpt":"La Cofrad\u00eda de la Virgen de la Cabeza de Colomera custodia con profundo respeto y devoci\u00f3n un valioso conjunto de enseres que forman parte esencial de su identidad, su historia y su culto. Cada uno de estos elementos no solo cumple una funci\u00f3n representativa, sino que encierra un significado espiritual\u2026","rel":"","context":"Entrada similar","block_context":{"text":"Entrada similar","link":""},"img":{"alt_text":"","src":"https:\/\/i0.wp.com\/www.virgendelacabezacolomera.org\/wp-content\/uploads\/2025\/04\/CetroCofradiadeColomera-removebg-preview-edited.png?resize=350%2C200&ssl=1","width":350,"height":200},"classes":[]},{"id":59,"url":"https:\/\/www.virgendelacabezacolomera.org\/?page_id=59","url_meta":{"origin":62,"position":5},"title":"Romer\u00eda Virgen de la Cabeza","author":"admin","date":"14\/12\/2018","format":false,"excerpt":"Nuestra Romer\u00eda La cofrad\u00eda de Colomera participa intensamente en la romer\u00eda principal de And\u00fajar el \u00faltimo fin de semana de abril, los romeros de Colomera peregrinan al Santuario de And\u00fajar, partiendo de Colomera el jueves por la ma\u00f1ana. Nuestra Romer\u00eda comienza con la misa de romeros el jueves a las\u2026","rel":"","context":"Entrada similar","block_context":{"text":"Entrada similar","link":""},"img":{"alt_text":"","src":"","width":0,"height":0},"classes":[]}],"_links":{"self":[{"href":"https:\/\/www.virgendelacabezacolomera.org\/index.php?rest_route=\/wp\/v2\/pages\/62","targetHints":{"allow":["GET"]}}],"collection":[{"href":"https:\/\/www.virgendelacabezacolomera.org\/index.php?rest_route=\/wp\/v2\/pages"}],"about":[{"href":"https:\/\/www.virgendelacabezacolomera.org\/index.php?rest_route=\/wp\/v2\/types\/page"}],"author":[{"embeddable":true,"href":"https:\/\/www.virgendelacabezacolomera.org\/index.php?rest_route=\/wp\/v2\/users\/1"}],"replies":[{"embeddable":true,"href":"https:\/\/www.virgendelacabezacolomera.org\/index.php?rest_route=%2Fwp%2Fv2%2Fcomments&post=62"}],"version-history":[{"count":5,"href":"https:\/\/www.virgendelacabezacolomera.org\/index.php?rest_route=\/wp\/v2\/pages\/62\/revisions"}],"predecessor-version":[{"id":74,"href":"https:\/\/www.virgendelacabezacolomera.org\/index.php?rest_route=\/wp\/v2\/pages\/62\/revisions\/74"}],"wp:attachment":[{"href":"https:\/\/www.virgendelacabezacolomera.org\/index.php?rest_route=%2Fwp%2Fv2%2Fmedia&parent=62"}],"curies":[{"name":"wp","href":"https:\/\/api.w.org\/{rel}","templated":true}]}}

<p>POLÍTICA DE PROTECCIÓN DE DATOS DE CARÁCTER PERSONAL:</p>



<p>1.1 A los efectos de lo dispuesto en la Ley Orgánica 15/1999, de 13 de Diciembre, de Protección de Datos de Carácter Personal, REAL COFRADIA  VIRGEN DE LA CABEZA DE COLOMERA informa al Usuario de la existencia de un fichero de datos de carácter personal creado con los datos obtenidos en nuestra página web y bajo su responsabilidad, con las finalidades de información y prestación de los servicios ofrecidos en la web, así como la realización de actividades promocionales y publicitarias mediante cualquier medio, incluyendo el envío de correos electrónicos y de mensajes a través de cualquier sistema incluyendo SMS, UTMS, etc., que puedan ser de su interés para ampliar y mejorar nuestros servicios, adecuando nuestras ofertas a sus preferencias o necesidades, a partir del estudio y segmentación de la información personal y comercial que conste en nuestros ficheros como consecuencia de su acceso a la web, así como para permitir una navegación personalizada.</p>



<p>1.2. El Usuario acepta expresamente la inclusión de los datos recabados durante la navegación por la web, o proporcionados mediante la cumplimentación de cualquier formulario, así como los derivados de la relación comercial, en el fichero automatizado de datos de carácter personal referido en el apartado primero. Durante el proceso de recogida de datos, y en cada lugar de la web en el que se soliciten dichos datos, el Usuario será informado, ya sea mediante un vínculo, ya sea mediante la inclusión de las menciones oportunas en el propio formulario, del carácter obligatorio o no de recogida de tales datos para la prestación de nuestros servicios.</p>



<p>1.3 El Usuario podrá ejercitar, respecto de los datos recabados en la forma prevista en el apartado anterior, los derechos reconocidos en la Ley Orgánica 15/1999, de 13 de diciembre, de Protección de Datos de Carácter Personal y toda la Normativa de Desarrollo más la Ley de Servicios de la Sociedad de la Información y de Comercio Electrónico (LSSI-CE),y en particular los derechos de acceso, rectificación o cancelación de datos y oposición, siempre que resultase pertinente, así como el de revocación del consentimiento para la cesión de sus datos o para cualquiera de los usos antes señalados. Los derechos referidos en el párrafo precedente, podrán ejercitarse por cada Usuario a través de un Formulario de solicitud de cancelación. Haga clic aquí para descargar el Formulario. La solicitud escrita y firmada podrá enviarla por correo postal a la siguiente dirección, REAL COFRADIA  VIRGEN DE LA CABEZA DE COLOMERA, Calle Oro, 1 – 18564 – Colomera  – Granada, adjuntando fotocopia del DNI del Usuario.</p>



<p>1.4. REAL COFRADIA  VIRGEN DE LA CABEZA DE COLOMERA informa que para el acceso por parte del usuario a alguna parte de los Contenidos o servicios ofertados en la web, puede ser necesaria la previa cumplimentación de formularios de alta, o similar, en los que se le solicite al usuario la introducción de datos de carácter personal.</p>



<p>1.5. REAL COFRADIA  VIRGEN DE LA CABEZA DE COLOMERA se compromete en la utilización de los datos incluidos en el fichero anteriormente referido, a respetar su confidencialidad y a utilizarlos de acuerdo con la finalidad del fichero, así como a dar cumplimiento a su obligación de guardarlos y adaptar todas las medidas para evitar la alteración, pérdida, tratamiento o acceso no autorizado, de acuerdo con lo establecimiento en el Reglamento de Medidas de Seguridad de los ficheros automatizados que contengan datos de carácter personal, aprobando por el Real Decreto 994/1999, de 11 de julio.</p>

<p>POLÍTICA DE PROTECCIÓN DE DATOS DE CARÁCTER PERSONAL: 1.1 A los efectos de lo dispuesto en la Ley Orgánica 15/1999, de 13 de Diciembre, de Protección de Datos de Carácter Personal, REAL COFRADIA  VIRGEN DE LA CABEZA DE COLOMERA informa al Usuario de la existencia de un fichero de datos de carácter personal creado con los datos obtenidos en&hellip;&nbsp;<a href="https://www.virgendelacabezacolomera.org/?page_id=62" rel="bookmark">Leer más &raquo;<span class="screen-reader-text">Privacidad de datos</span></a></p>

Política de Cookies

Utilizamos cookies propias y de terceros para mejorar nuestros servicios. Si continúa navegando consideramos que acepta su uso. Para obtener más información sobre que son las cookies vea nuestra Política de Cookies.. POLITICA DE COOKIES Este sitio web utiliza las siguientes cookies: cookies para facilitar la navegación de los usuarios…

ESTATUTOS DE LA REAL COFRADIA NTRA. SRA. DE LA CABEZA DE COLOMERA (GRANADA) INTRODUCCION La Real Cofradía de la Santísima Virgen de la Cabeza de Colomera, se fundó en fecha incierta aún no documentada, aunque se podría hacer referencia al siglo XVI o incluso anterior, fecha en la que se…

Privacidad de datos Política de cookies

Según la antigua, venerable y respetada tradición con escaso fundamento histórico que nos transmite D. Manuel de Salcedo Olid en su Panegírico Historial de N.S. de la Cabeza de Sierra Morena, publicado en el año de 1677, entre los Christianos que apacentaban ovejas en aquellos montes, avía un pastor natural…

La Cofradía de la Virgen de la Cabeza de Colomera custodia con profundo respeto y devoción un valioso conjunto de enseres que forman parte esencial de su identidad, su historia y su culto. Cada uno de estos elementos no solo cumple una función representativa, sino que encierra un significado espiritual…

Romería Virgen de la Cabeza

Nuestra Romería La cofradía de Colomera participa intensamente en la romería principal de Andújar el último fin de semana de abril, los romeros de Colomera peregrinan al Santuario de Andújar, partiendo de Colomera el jueves por la mañana. Nuestra Romería comienza con la misa de romeros el jueves a las…
